10 + 0?
2
(0 - 4) + (-18 - (14 + -16))
-20
Calculate 7 + -8 - ((0 - 3) + 40 + -44).
6
Evaluate 0 - 5 - (628 + -653).
20
Evaluate 25 + -17 + (-18 - (-1 + -1)).
-8
What is (-9 - -11) + -26 + 3 - 0?
-21
13 + -5 + -13 + 27 + -12
10
-61 - (-18 - 53) - (-3 + 0)
13
Calculate -7 - (-6 + (-3 - -7) - 4).
-1
8 + 1 + 246 + -248 + -35
-28
Calculate -1 + ((-16 - -4) + 32 - (-8 - -1)).
26
Evaluate (-35 - -54) + -5 + 8 + -2 + 6.
26
What is (-29 - (2 - -14)) + 15?
-30
(-3 - (3 - -2 - 1)) + (-174 - -176)
-5
Evaluate (-47 - (-17 - 6)) + 8.
-16
What is the value of 1 - (-11 + (1 - -7) - 10)?
14
Calculate 34 + -8 + 2 + -6.
22
Evaluate -25 + 11 + 11 + (-2 - 19).
-24
What is (18 - 1) + -17 + 8?
8
-9 - 0 - -7 - 2 - 4
-8
-19 - (-5 + 7 - ((6 - 15) + 4))
-26
Calculate (7 + 14 - 21) + 20.
20
What is 0 - (-13 - 0) - (-425 - -439)?
-1
What is -3 - 13 - (-195 - -162)?
17
Evaluate (-13 - (4 + (-20 - -24))) + (1 - -8).
-12
6 + -6 - (9 - 10) - 1
0
Calculate -2 + (1 - -1) + -18 + (-162 - -168).
-12
Evaluate (27 - (-16 + 50)) + (2 - 2).
-7
28 + 2 - (-35 + 66)
-1
What is the value of 23 - (41 + (-13 - -15))?
-20
What is (8 - 2) + (0 - 4 - (3 - -1))?
-2
What is 32 + -7 - 20 - (9 + 2)?
-6
What is -3 + 1 + (-140 - -147) + -2 + -7?
-4
Calculate -16 - (-20 - (-12 + 28)).
20
What is 1 - 9 - (-9 - 12) - (8 - 0)?
5
What is -4 - (-2 - (-8 + 3) - (24 + -4))?
13
What is the value of 0 + 8 - ((24 - -16) + -57)?
25
What is -1 - 19 - (-106 - -85)?
1
Evaluate -12 + (19 - 0) - 14.
-7
Evaluate (-33 - -25 - -45) + -34.
3
Evaluate 0 + (-16 - -11) + 13.
8
Evaluate (1 - ((2 - 2) + -4)) + -5 + -2.
-2
4 + -2 + (2 - 4 - -22 - 0)
22
Evaluate 17 + -2 + (-17 - 10 - -16).
4
Evaluate 31 + -54 + 52 + (-6 + 3 - 5).
21
Evaluate -2 - (-12 - (13 - 6)).
17
Calculate -20 + 5 - (13 - 23) - -14.
9
What is the value of -42 + -5 + 29 - (-1 + 2)?
-19
1 - (-5 + (5 + -2 - -8)) - -3
-2
Evaluate -12 - (0 - -8) - -2.
-18
Calculate -1 + (-15 - 3 - ((9 - 15) + 1)).
-14
What is -1 - ((1 - 4 - -3) + 1)?
-2
Evaluate (-12 - (-15 - -19)) + 27.
11
What is the value of -4 + 4 - -17 - (145 - 127)?
-1
Evaluate 2 - (28 + (-24 - -2)).
-4
What is the value of -4 + (-2 - -8 - 0) + 11?
13
Evaluate (-16 - -24) + 1 + (-1 - 3) + 6.
11
What is the value of -41 + 48 - (-7 - -5 - 13)?
22
Evaluate 8 - (3 + 7 + -9 + 8).
-1
1 - 18 - 1 - (-323 + 309)
-4
Evaluate 26 + -1 + -37 + (1 - -9).
-2
Calculate 24 + (17 - (21 + -1)).
21
Calculate (1 - 26) + 23 - -5.
3
What is the value of ((4 - 11) + 6 - 0) + 11?
10
What is the value of -6 + -1 + (-377 - -366)?
-18
Calculate 16 - (0 + -1 + (-11 - -3 - -2)).
23
What is the value of 19 + (-15 - -9) + (-2 - -4)?
15
What is 15 + -16 + 1 + 12?
12
Evaluate 4 + -7 + 8 + (5 - 2).
8
Evaluate -19 + 1 - (-292 + 287).
-13
What is 56 + (6 - -10) + -28 + -10?
34
What is 4 + 1 + -5 + -40 - (-216 - -210)?
-34
What is the value of -17 + 36 + (-14 - -1) + 0?
6
Calculate -45 - -19 - -22 - -13.
9
(1 - -18) + (44 + -41 - -1)
23
Calculate -8 - (-9 + (3 + -1 - -8)).
-9
What is -54 + (-10 - -31) + (15 - 1)?
-19
Calculate -5 - 4 - (-7 - 10).
8
Evaluate 0 + (-17 - (-12 + 7)) + -1.
-13
Evaluate (-1 - 0) + 0 + 17 - 3.
13
What is the value of (-1 - 12) + -2 + (-3 - -6)?
-12
-7 - (-2 + -12 + 1) - (-2 - 5)
13
207 + -192 - (0 - -26) - -20
9
Calculate (2 - -5) + -216 + 194.
-15
-15 + 17 - (4 - (4 - 3)) - -14
13
What is 1 - ((2 - -19) + -3) - (-522 - -528)?
-23
-8 + 24 + -4 + -7
5
What is the value of -11 - -17 - (5 + 0 - 0) - 7?
-6
Evaluate 2 + 5 + -12 + -14 + 2.
-17
Evaluate 3 - (-2 + (6 - 7) + 6 - 18).
18
25 + (5 + -13 - -11 - 10 - -2)
20
Calculate 7 - ((-16 - -32) + -17).
8
52 + 18 + -16 + -35
19
-18 + 10 - (-64 + 43)
13
-20 - ((1 + 11 - 8) + 4 + -8)
-20
What is ((55 - 30) + -26 - (2 - 1)) + 10?
8
17 - (-10 + (7 - 1 - (127 - 126)))
22
What is (-4 - (-28 + 14 - -5)) + -15?
-10
Evaluate 21 + 0 + -10 + -2 - 15.
-6
What is the value of 1 - (5 + -4 - (14 - (-11 - -16)))?
9
(-15 - -5) + -124 + 118
-16
Calculate -3 - (-10 + -2) - (-18 - -33) - -11.
5
What is the value of (-46 - -40) + (1 - -4) - -6?
5
-18 + 6 + (6 - 2) + 4
-4
Calculate (-1 - 25) + 4 - -22.
0
What is (-5 + 7 - -3) + 1 - (7 - 2)?
1
What is the value of -11 + (18 - 4 - 2) + -8?
-7
Evaluate -11 + -3 + (-15 - -5) + 14.
-10
What is -1 + (17 + -7 - 2 - (-8 + 21))?
-6
What is 6 + -6 + (6 + 1 - -4 - -6)?
17
What is 14 - (9 - 22) - 9?
18
-16 - -1 - (13 + -16)
-12
What is the value of 16 - 1 - (4 - -13)?
-2
Calculate 1 + 1 - (82 + -153 + 52).
21
Calculate -4 + 38 - (-12 + (6 - (-9 + -7))).
24
Calculate (4 + -13 - 4) + 15 + -10.
-8
Calculate 29 - -1 - (-3 + 18 + -12 + -1).
28
What is 0 + -7 - (297 - 298)?
-6
Calculate 10 + (-5 - (10 + -1 - 6)).
2
What is (-14 - (-13 + -1)) + (2 - 2) + 1?
1
Evaluate -25 - -1 - (424 + -453).
5
-10 - (-8 - -11) - -11
-2
Calculate 5 - (4 - 6 - (-14 - -15) - -23).
-15
Calculate -1 - 6 - -1 - (44 - 29).
-21
What is the value of 3 + ((-1 - 3) + 9 - 1 - 5)?
2
1 + 17 + (183 - 227)
-26
What is 12 + -35 + 11 - 2?
-14
What is the value of 15 + -10 + -9 + 23?
19
Evaluate -7 + (-4 - -5) + -7 + 18 + -5.
0
-210 + 203 + (-2 - -2) + 10
3
Calculate 3 + 0 + 7 + -23 + 36 + -4.
19
Calculate -34 + -2 - (-14 + -34 + 47).
-35
-9 - (-8 - 10) - (1 - 2)
10
Calculate (1 - -2) + -7 + 9 + -7.
-2
What is the value of -3 + (7 - (-16 + 9)) - 9?
2
What is the value of -5 + 19 - (17 - -2)?
-5
What is the value of -533 + 548 - (43 - (0 + 2))?
-26
What is the value of 2 + -2 + 5 + (12 - (1 - 5))?
21
What is the value of -19 + 2 + -12 + -3 + 20?
-12
What is the value of -4 + -8 - (-14 + -7)?
9
What is the value of (-8 - 3 - -14) + (1 - 5) + 9?
8
What is 38 + 0 + 149 + -173?
14
What is 31 + (43 - 78) + 14 + 0?
10
(8 - 11) + (14 + -6 - 18)
-13
What is (-3 - ((-4 - -17) + 1)) + -5?
-22
Calculate 3 - (-22 + 16 - (-1 + 0 + -4)).
4
Calculate -4 - 5 - (-6 + 4 + 1).
-8
What is the value of 21 + 5 - (207 - 192)?
11
(12 - 0) + (10 - (-15 - -35))
2
Calculate -5 - -2 - (-7 - -3 - 6) - -3.
10
Evaluate -39 + (44 - -23) - (16 + -1).
13
What is the value of -7 - (-6 + (1 - -8) + -4 - 0)?
-6
What is the value of -6 + 11 - (1 - -16 - -10)?
-22
Calculate (0 - (-10 - -8)) + (0 - 3).
-1
Evaluate (-30 + 17 - -10) + 13.
10
Calculate -19 - (3 + 1 + -21 - -11).
-13
Calculate -4 - -11 - (7 - 1 - (-20 - -23)).
4
4 + 5 + 1 + (3 - 6 - 3)
4
What is -7 - -3 - (-14 + 12 + 7)?
-9
What is (15 - (1 - -1)) + -8 + 2 - 20?
-13
Calculate (9 + (-26 - -13) - -5) + (24 - -1).
26
What is (-17 - -9) + (9 - -11 - (-4 + -2))?
18
Calculate 4 + (-28 - -19) + -3.
-8
Calculate 6 + 12 + -7 + -5 - (0 - -12).
-6
Evaluate (17 - 26) + 2 + -4.
-11
(-1 + -2 - (1 - -3)) + -3
-10
Evaluate 1606 + -1570 - (0 - -7).
29
Calculate (0 - -6) + (-21 - (-63 + 35)) + 8.
21
-2 + -5 + (1 - 0) - (-19 + 18)
-5
What is (0 - -2 - (2 - -5)) + 14 + -24?
-15
Evaluate (-16 - -1) + (-17 - -46) + -18.
-4
22 + -1 - ((7 - 5 - -6) + -1)
14
Evaluate (-54 + 53 - (0 - 1)) + (-1 - 12).
-13
What is -11 + (25 - 9 - 13)?
-8
What is 5 - (3 - (-3 - (-1 - -5))) - 0?
-5
What is -40 + -49 + 52 + (9 - 0 - 0)?
-28
(-16 - (-8 + 7)) + 14
-1
-8 - (-23 + 14 + 1)
0
Calculate -4 - (13 + (12 - 33)).
4
Calculate -7 + (39 + -49 - (8 + 0)).
-25
-3 - -15 - (-8 - (14 - (1 - -26)))
7
Calculate (40 - 28 - 29) + -15.
-32
What is 609 + -616 - (-1 - 7)?
1
Evaluate -7 - (-2 + -1 + 1 + -38 + 45).
-12
Evaluate (11 - (13 - -7)) + 9.
0
What is the value of (30 - 36) + (-1 - -1) + 4?
-2
4 + (-62 + 60 - (-1 + 9))
-6
What is the value of 4 - 21 - (-1 + -2 + 3 + 0)?
-17
What is the value of ((-3 - 1) + 4 - 8) + (1 - 0)?
-7
Calculate 1 + -18 - (1 + -11).
-7
Evaluate -2 + 0 + 6 + (0 - -2 - 0).
6
What is -13 + 14 + 0 - (-5 + 11 + -8)?
3
Calculate -2 + 14 + 920 + -961.
-29
What is the value of -14 - (6 + (-40 - -13))?
7
Calculate 200 + -215 + -8 + 34.
11
What is 13 - (-5 + (13 - 2) + -3) - -2?
12
What is the value of (-1 - (-9 - -12 - -5)) + -1 + 31?
21
Evaluate -314 + 289 + 18 + 0.
-7
What is 16 + -1 + -18 + 10?
7
What is the value of 3 + 0 + (-65 - -67)?
5
Calculate -4 + 4 - -2 - (-3 - (3 - 9)).
-1
-7 + (8 - 7 - -7)
1
Calculate (5 - 3) + 7 + -4 + -1.
4
What is -3 + -10 + 5 + 0 + 1 + -1?
-8
Calculate (-5 + 1 - -10) + 308 + -346.
-32
(7 + -19 + 7 - -10) + 19
24
Calculate -1 - -3 - ((-16 - -8) + 7 + -4).
7
35 + (8 - -13) + -26
30
20 + -13 + -2 - (-6 - (-24 + 1))
-12
1 + -6 + 5 + 4 - -9
13
-9 + 2 + -3 + -167 + 162
-15
E